{"id":1437,"date":"2023-08-28T06:17:18","date_gmt":"2023-08-28T04:17:18","guid":{"rendered":"https:\/\/maestroiptv.org\/?page_id=1437"},"modified":"2023-08-28T06:17:18","modified_gmt":"2023-08-28T04:17:18","slug":"iptv-sur-box-formuler","status":"publish","type":"page","link":"https:\/\/maestroiptv.org\/index.php\/iptv-sur-box-formuler\/","title":{"rendered":"IPTV sur Box Formuler"},"content":{"rendered":"\n<h1 class=\"wp-block-heading\">Comment installer l\u2019IPTV sur l\u2019application MyTvOnline des box Formuler ?<\/h1>\n\n\n\n<p>Les bo\u00eetiers de la marque Formuler sont consid\u00e9r\u00e9s comme les meilleurs bo\u00eetiers IPTV. En effet, ces box tournent sous android TV et permettent donc d\u2019installer toutes les applications disponibles sur le Playstore. Mais surtout, ces d\u00e9codeurs sont parfaitement optimis\u00e9s et sp\u00e9cialis\u00e9s dans l\u2019utilisation des abonnements IPTV. A l\u2019instar des bo\u00eetiers MAG de Infomir, l\u2019installation est hyper-simple pour l\u2019utilisateur. Tous se passe par l\u2019application MyTVOnline.<\/p>\n\n\n\n<figure class=\"wp-block-image\"><img decoding=\"async\" src=\"https:\/\/box-android-tv.fr\/wp-content\/uploads\/2019\/03\/001-1024x576.png\" alt=\"mytvonline Formuler\" class=\"wp-image-1992\"\/><\/figure>\n\n\n\n<h2 class=\"wp-block-heading\">MyTvOnline et MyTVOnline2<\/h2>\n\n\n\n<p>Cette application est con\u00e7ue et d\u00e9velopp\u00e9e par la marque Formuler. Elle permet de profiter de toutes cha\u00eenes payantes par internet sur les bo\u00eetiers tv de la marque. Bien sur, il est possible d\u2019installer ces abonnements IPTV avec l\u2019application android du Fournisseur, comme sur les autres box android tv. Mais MyTVOnline apporte des fonctionnalit\u00e9s g\u00e9n\u00e9ralement absentes ou peu pratique sur les applications habituelles. Avec MyTVOnline, vous pourrez par exemple :<\/p>\n\n\n\n<ul class=\"wp-block-list\">\n<li>profiter du timeshift (mettre en pause) sur toutes les cha\u00eenes<\/li>\n\n\n\n<li>acc\u00e9der \u00e0 la grille des programmes sans quitter votre cha\u00eene TV<\/li>\n\n\n\n<li>enregistrer en direct ou en diff\u00e9r\u00e9 vos \u00e9missions<\/li>\n\n\n\n<li>cr\u00e9er une liste de cha\u00eenes favorites<\/li>\n\n\n\n<li>programmer des rappels de programmes \u00e0 regarder<\/li>\n<\/ul>\n\n\n\n<p>Toutes ces fonctionnalit\u00e9s se retrouvent parfaitement int\u00e9gr\u00e9es et sont d\u2019une aisance et d\u2019une fluidit\u00e9 sans commune mesure avec les applications android tierces. De plus, MyTVOnline permet de tirer un maximum des caract\u00e9ristiques techniques des bo\u00eetiers de la marque Formuler. Du coup, l\u2019image est de toute beaut\u00e9. Si vous avez un flux IPTV de qualit\u00e9 et une bonne t\u00e9l\u00e9, vous verrez facilement la diff\u00e9rence entre l\u2019application du fournisseur \u00ab&nbsp;lambda&nbsp;\u00bb et de MyTVOnline !<\/p>\n\n\n\n<p>Concernant la version 2 de l\u2019application, MyTVOnline2, celle-ci apporte surtout des am\u00e9liorations techniques. Elle est disponible sur la\u00a0<a href=\"https:\/\/maestroiptv.org\/index.php\/iptv-maestro-iptv\/\">box IPTV Formuler Z8\u00a0<\/a>et les prochains boitiers IPTV de Formuler.Ce tutoriel pour l\u2019installation de l\u2019abonnement IPTV est donc valable pour toutes les versions de MyTVOnline.<\/p>\n\n\n\n<h2 class=\"wp-block-heading\">Installation de l\u2019abonnement sur MyTVOnline<\/h2>\n\n\n\n<figure class=\"wp-block-image\"><img decoding=\"async\" src=\"https:\/\/box-android-tv.fr\/wp-content\/uploads\/2019\/03\/002-1024x576.png\" alt=\"adresse MAC formuler\" class=\"wp-image-1993\"\/><\/figure>\n\n\n\n<h3 class=\"wp-block-heading\">Obtenir votre adresse MAC Formuler<\/h3>\n\n\n\n<p>Cette adresse MAC devra \u00eatre communiqu\u00e9e \u00e0 votre<a href=\"https:\/\/maestroiptv.org\/index.php\/iptv-maestro-iptv\/\">\u00a0fournisseur d\u2019abonnements toutes cha\u00eenes<\/a>. C\u2019est gr\u00e2ce \u00e0 cette adresse que votre appareil \u00ab\u00a0sera autoris\u00e9\u00a0\u00bb \u00e0 acc\u00e9der aux serveurs IPTV du fournisseur.<\/p>\n\n\n\n<p>Pour avoir cette adresse MAC:<\/p>\n\n\n\n<ul class=\"wp-block-list\">\n<li>D\u00e9marrez l\u2019application&nbsp;<strong>MyTVOnline<\/strong><\/li>\n\n\n\n<li>Aller dans l\u2019option&nbsp;<strong>Edit Portal<\/strong><\/li>\n\n\n\n<li>Vous devriez voir&nbsp;<strong>votre adresse MAC<\/strong>&nbsp;qui commence par 00:1A:79:\u2026.<\/li>\n<\/ul>\n\n\n\n<p>Apres que votre fournisseur ai valid\u00e9 votre adresse MAC, il doit vous communiquer l\u2019adresse URL de son serveur IPTV.<\/p>\n\n\n\n<h3 class=\"wp-block-heading\">Param\u00e9trer le serveur IPTV sur le Formuler Z7+ ou Z8<\/h3>\n\n\n\n<figure class=\"wp-block-image\"><img decoding=\"async\" src=\"https:\/\/box-android-tv.fr\/wp-content\/uploads\/2019\/03\/009-1024x576.png\" alt=\"iptv formuler\" class=\"wp-image-1995\"\/><\/figure>\n\n\n\n<p>Vous \u00eates normalement dans l\u2019application MyTvOnline<\/p>\n\n\n\n<ul class=\"wp-block-list\">\n<li>Aller dans&nbsp;<strong>Edit Portal<\/strong><\/li>\n\n\n\n<li>Cliquez sur le&nbsp;<strong>bouton Edit<\/strong><\/li>\n\n\n\n<li>Saisissez un nom de service (le nom n\u2019a pas beaucoup d\u2019importance)<\/li>\n\n\n\n<li>Saisissez l\u2019<strong>adresse URL<\/strong>&nbsp;que vous a donn\u00e9 le fournisseur (Ex: http:\/\/nomdufournisseur.com:8080\/c)<\/li>\n\n\n\n<li>Cliquez sur&nbsp;<strong>OK<\/strong><\/li>\n\n\n\n<li>La connection doit fonctionner. Tout est pr\u00eat pour votre divertissement !<\/li>\n\n\n\n<li>Si cela ne fonctionne pas : soit vous avez fait une erreur de saisie dans l\u2019adresse, soit votre fournisseur n\u2019a pas encore autoris\u00e9 votre adresse MAC<\/li>\n<\/ul>\n\n\n\n<p>Il est \u00e9galement possible de se servir de l\u2019application MyTvOnline avec les playlist m3u. Ce qui rend donc l\u2019application compatible avec tous les fournisseurs IPTV ainsi que votre FAI !<\/p>\n\n\n\n<p>Une fois dans application MyTVOnline<\/p>\n\n\n\n<ul class=\"wp-block-list\">\n<li>Aller dans&nbsp;<strong>Playlist<\/strong><\/li>\n\n\n\n<li>Cliquez sur&nbsp;<strong>Edit<\/strong><\/li>\n\n\n\n<li>Saisissez un&nbsp;<strong>nom de Portal<\/strong>&nbsp;(le nom de votre FAI par exemple)<\/li>\n\n\n\n<li>Saisissez ensuite l\u2019adresse internet \u00e0 laquelle se trouve la playlist (https:\/\/exemplenomsite.com\/maplaylist.m3u). Si votre playlist n\u2019est pas sur internet , mais que vous avez un fichier stock\u00e9 sur cl\u00e9 usb ou votre disque dur, vous pouvez simplement mettre le fichier .m3u sur Dropbox (par exemple) et saisir ici l\u2019adresse du lien de partage Dropbox.<\/li>\n\n\n\n<li><strong>M3u VOD list<\/strong>&nbsp;(en g\u00e9n\u00e9ral, on ne saisie rien)<\/li>\n\n\n\n<li><strong>XML TV EPG URL<\/strong>: peut-\u00eatre utile si la grille des programmes n\u2019est pas g\u00e9r\u00e9e \/ compatible avec le fichier m3u. Sinon, ne saisissez rien<\/li>\n\n\n\n<li>Cliquez&nbsp;<strong>OK<\/strong><\/li>\n<\/ul>\n","protected":false},"excerpt":{"rendered":"<p>Comment installer l\u2019IPTV sur l\u2019application MyTvOnline des box Formuler ? Les bo\u00eetiers de la marque Formuler sont consid\u00e9r\u00e9s comme les meilleurs bo\u00eetiers IPTV. En effet, ces box tournent sous android TV et permettent donc d\u2019installer toutes les applications disponibles sur le Playstore. Mais surtout, ces d\u00e9codeurs sont parfaitement optimis\u00e9s et sp\u00e9cialis\u00e9s dans l\u2019utilisation des abonnements [&hellip;]<\/p>\n","protected":false},"author":1,"featured_media":0,"parent":0,"menu_order":0,"comment_status":"closed","ping_status":"closed","template":"","meta":{"footnotes":""},"class_list":["post-1437","page","type-page","status-publish","hentry"],"blocksy_meta":[],"yoast_head":"<!-- This site is optimized with the Yoast SEO plugin v27.5 - https:\/\/yoast.com\/product\/yoast-seo-wordpress\/ -->\n<title>IPTV sur Box Formuler - maestrotv<\/title>\n<meta name=\"robots\" content=\"index, follow, max-snippet:-1, max-image-preview:large, max-video-preview:-1\" \/>\n<link rel=\"canonical\" href=\"https:\/\/maestroiptv.org\/index.php\/iptv-sur-box-formuler\/\" \/>\n<meta property=\"og:locale\" content=\"fr_FR\" \/>\n<meta property=\"og:type\" content=\"article\" \/>\n<meta property=\"og:title\" content=\"IPTV sur Box Formuler - maestrotv\" \/>\n<meta property=\"og:description\" content=\"Comment installer l\u2019IPTV sur l\u2019application MyTvOnline des box Formuler ? Les bo\u00eetiers de la marque Formuler sont consid\u00e9r\u00e9s comme les meilleurs bo\u00eetiers IPTV. En effet, ces box tournent sous android TV et permettent donc d\u2019installer toutes les applications disponibles sur le Playstore. Mais surtout, ces d\u00e9codeurs sont parfaitement optimis\u00e9s et sp\u00e9cialis\u00e9s dans l\u2019utilisation des abonnements [&hellip;]\" \/>\n<meta property=\"og:url\" content=\"https:\/\/maestroiptv.org\/index.php\/iptv-sur-box-formuler\/\" \/>\n<meta property=\"og:site_name\" content=\"maestrotv\" \/>\n<meta property=\"og:image\" content=\"https:\/\/box-android-tv.fr\/wp-content\/uploads\/2019\/03\/001-1024x576.png\" \/>\n<meta name=\"twitter:card\" content=\"summary_large_image\" \/>\n<meta name=\"twitter:label1\" content=\"Dur\u00e9e de lecture estim\u00e9e\" \/>\n\t<meta name=\"twitter:data1\" content=\"4 minutes\" \/>\n<script type=\"application\/ld+json\" class=\"yoast-schema-graph\">{\"@context\":\"https:\\\/\\\/schema.org\",\"@graph\":[{\"@type\":\"WebPage\",\"@id\":\"https:\\\/\\\/maestroiptv.org\\\/index.php\\\/iptv-sur-box-formuler\\\/\",\"url\":\"https:\\\/\\\/maestroiptv.org\\\/index.php\\\/iptv-sur-box-formuler\\\/\",\"name\":\"IPTV sur Box Formuler - maestrotv\",\"isPartOf\":{\"@id\":\"https:\\\/\\\/maestroiptv.org\\\/#website\"},\"primaryImageOfPage\":{\"@id\":\"https:\\\/\\\/maestroiptv.org\\\/index.php\\\/iptv-sur-box-formuler\\\/#primaryimage\"},\"image\":{\"@id\":\"https:\\\/\\\/maestroiptv.org\\\/index.php\\\/iptv-sur-box-formuler\\\/#primaryimage\"},\"thumbnailUrl\":\"https:\\\/\\\/box-android-tv.fr\\\/wp-content\\\/uploads\\\/2019\\\/03\\\/001-1024x576.png\",\"datePublished\":\"2023-08-28T04:17:18+00:00\",\"breadcrumb\":{\"@id\":\"https:\\\/\\\/maestroiptv.org\\\/index.php\\\/iptv-sur-box-formuler\\\/#breadcrumb\"},\"inLanguage\":\"fr-FR\",\"potentialAction\":[{\"@type\":\"ReadAction\",\"target\":[\"https:\\\/\\\/maestroiptv.org\\\/index.php\\\/iptv-sur-box-formuler\\\/\"]}]},{\"@type\":\"ImageObject\",\"inLanguage\":\"fr-FR\",\"@id\":\"https:\\\/\\\/maestroiptv.org\\\/index.php\\\/iptv-sur-box-formuler\\\/#primaryimage\",\"url\":\"https:\\\/\\\/box-android-tv.fr\\\/wp-content\\\/uploads\\\/2019\\\/03\\\/001-1024x576.png\",\"contentUrl\":\"https:\\\/\\\/box-android-tv.fr\\\/wp-content\\\/uploads\\\/2019\\\/03\\\/001-1024x576.png\"},{\"@type\":\"BreadcrumbList\",\"@id\":\"https:\\\/\\\/maestroiptv.org\\\/index.php\\\/iptv-sur-box-formuler\\\/#breadcrumb\",\"itemListElement\":[{\"@type\":\"ListItem\",\"position\":1,\"name\":\"Home\",\"item\":\"https:\\\/\\\/maestroiptv.org\\\/\"},{\"@type\":\"ListItem\",\"position\":2,\"name\":\"IPTV sur Box Formuler\"}]},{\"@type\":\"WebSite\",\"@id\":\"https:\\\/\\\/maestroiptv.org\\\/#website\",\"url\":\"https:\\\/\\\/maestroiptv.org\\\/\",\"name\":\"maestrotv\",\"description\":\"\",\"publisher\":{\"@id\":\"https:\\\/\\\/maestroiptv.org\\\/#organization\"},\"potentialAction\":[{\"@type\":\"SearchAction\",\"target\":{\"@type\":\"EntryPoint\",\"urlTemplate\":\"https:\\\/\\\/maestroiptv.org\\\/?s={search_term_string}\"},\"query-input\":{\"@type\":\"PropertyValueSpecification\",\"valueRequired\":true,\"valueName\":\"search_term_string\"}}],\"inLanguage\":\"fr-FR\"},{\"@type\":\"Organization\",\"@id\":\"https:\\\/\\\/maestroiptv.org\\\/#organization\",\"name\":\"maestrotv\",\"url\":\"https:\\\/\\\/maestroiptv.org\\\/\",\"logo\":{\"@type\":\"ImageObject\",\"inLanguage\":\"fr-FR\",\"@id\":\"https:\\\/\\\/maestroiptv.org\\\/#\\\/schema\\\/logo\\\/image\\\/\",\"url\":\"https:\\\/\\\/maestroiptv.org\\\/wp-content\\\/uploads\\\/2023\\\/07\\\/Logo.png\",\"contentUrl\":\"https:\\\/\\\/maestroiptv.org\\\/wp-content\\\/uploads\\\/2023\\\/07\\\/Logo.png\",\"width\":114,\"height\":114,\"caption\":\"maestrotv\"},\"image\":{\"@id\":\"https:\\\/\\\/maestroiptv.org\\\/#\\\/schema\\\/logo\\\/image\\\/\"}}]}<\/script>\n<!-- \/ Yoast SEO plugin. -->","yoast_head_json":{"title":"IPTV sur Box Formuler - maestrotv","robots":{"index":"index","follow":"follow","max-snippet":"max-snippet:-1","max-image-preview":"max-image-preview:large","max-video-preview":"max-video-preview:-1"},"canonical":"https:\/\/maestroiptv.org\/index.php\/iptv-sur-box-formuler\/","og_locale":"fr_FR","og_type":"article","og_title":"IPTV sur Box Formuler - maestrotv","og_description":"Comment installer l\u2019IPTV sur l\u2019application MyTvOnline des box Formuler ? Les bo\u00eetiers de la marque Formuler sont consid\u00e9r\u00e9s comme les meilleurs bo\u00eetiers IPTV. En effet, ces box tournent sous android TV et permettent donc d\u2019installer toutes les applications disponibles sur le Playstore. Mais surtout, ces d\u00e9codeurs sont parfaitement optimis\u00e9s et sp\u00e9cialis\u00e9s dans l\u2019utilisation des abonnements [&hellip;]","og_url":"https:\/\/maestroiptv.org\/index.php\/iptv-sur-box-formuler\/","og_site_name":"maestrotv","og_image":[{"url":"https:\/\/box-android-tv.fr\/wp-content\/uploads\/2019\/03\/001-1024x576.png","type":"","width":"","height":""}],"twitter_card":"summary_large_image","twitter_misc":{"Dur\u00e9e de lecture estim\u00e9e":"4 minutes"},"schema":{"@context":"https:\/\/schema.org","@graph":[{"@type":"WebPage","@id":"https:\/\/maestroiptv.org\/index.php\/iptv-sur-box-formuler\/","url":"https:\/\/maestroiptv.org\/index.php\/iptv-sur-box-formuler\/","name":"IPTV sur Box Formuler - maestrotv","isPartOf":{"@id":"https:\/\/maestroiptv.org\/#website"},"primaryImageOfPage":{"@id":"https:\/\/maestroiptv.org\/index.php\/iptv-sur-box-formuler\/#primaryimage"},"image":{"@id":"https:\/\/maestroiptv.org\/index.php\/iptv-sur-box-formuler\/#primaryimage"},"thumbnailUrl":"https:\/\/box-android-tv.fr\/wp-content\/uploads\/2019\/03\/001-1024x576.png","datePublished":"2023-08-28T04:17:18+00:00","breadcrumb":{"@id":"https:\/\/maestroiptv.org\/index.php\/iptv-sur-box-formuler\/#breadcrumb"},"inLanguage":"fr-FR","potentialAction":[{"@type":"ReadAction","target":["https:\/\/maestroiptv.org\/index.php\/iptv-sur-box-formuler\/"]}]},{"@type":"ImageObject","inLanguage":"fr-FR","@id":"https:\/\/maestroiptv.org\/index.php\/iptv-sur-box-formuler\/#primaryimage","url":"https:\/\/box-android-tv.fr\/wp-content\/uploads\/2019\/03\/001-1024x576.png","contentUrl":"https:\/\/box-android-tv.fr\/wp-content\/uploads\/2019\/03\/001-1024x576.png"},{"@type":"BreadcrumbList","@id":"https:\/\/maestroiptv.org\/index.php\/iptv-sur-box-formuler\/#breadcrumb","itemListElement":[{"@type":"ListItem","position":1,"name":"Home","item":"https:\/\/maestroiptv.org\/"},{"@type":"ListItem","position":2,"name":"IPTV sur Box Formuler"}]},{"@type":"WebSite","@id":"https:\/\/maestroiptv.org\/#website","url":"https:\/\/maestroiptv.org\/","name":"maestrotv","description":"","publisher":{"@id":"https:\/\/maestroiptv.org\/#organization"},"potentialAction":[{"@type":"SearchAction","target":{"@type":"EntryPoint","urlTemplate":"https:\/\/maestroiptv.org\/?s={search_term_string}"},"query-input":{"@type":"PropertyValueSpecification","valueRequired":true,"valueName":"search_term_string"}}],"inLanguage":"fr-FR"},{"@type":"Organization","@id":"https:\/\/maestroiptv.org\/#organization","name":"maestrotv","url":"https:\/\/maestroiptv.org\/","logo":{"@type":"ImageObject","inLanguage":"fr-FR","@id":"https:\/\/maestroiptv.org\/#\/schema\/logo\/image\/","url":"https:\/\/maestroiptv.org\/wp-content\/uploads\/2023\/07\/Logo.png","contentUrl":"https:\/\/maestroiptv.org\/wp-content\/uploads\/2023\/07\/Logo.png","width":114,"height":114,"caption":"maestrotv"},"image":{"@id":"https:\/\/maestroiptv.org\/#\/schema\/logo\/image\/"}}]}},"_links":{"self":[{"href":"https:\/\/maestroiptv.org\/index.php\/wp-json\/wp\/v2\/pages\/1437","targetHints":{"allow":["GET"]}}],"collection":[{"href":"https:\/\/maestroiptv.org\/index.php\/wp-json\/wp\/v2\/pages"}],"about":[{"href":"https:\/\/maestroiptv.org\/index.php\/wp-json\/wp\/v2\/types\/page"}],"author":[{"embeddable":true,"href":"https:\/\/maestroiptv.org\/index.php\/wp-json\/wp\/v2\/users\/1"}],"replies":[{"embeddable":true,"href":"https:\/\/maestroiptv.org\/index.php\/wp-json\/wp\/v2\/comments?post=1437"}],"version-history":[{"count":1,"href":"https:\/\/maestroiptv.org\/index.php\/wp-json\/wp\/v2\/pages\/1437\/revisions"}],"predecessor-version":[{"id":1438,"href":"https:\/\/maestroiptv.org\/index.php\/wp-json\/wp\/v2\/pages\/1437\/revisions\/1438"}],"wp:attachment":[{"href":"https:\/\/maestroiptv.org\/index.php\/wp-json\/wp\/v2\/media?parent=1437"}],"curies":[{"name":"wp","href":"https:\/\/api.w.org\/{rel}","templated":true}]}}