{"id":1579,"date":"2023-08-30T01:07:26","date_gmt":"2023-08-29T23:07:26","guid":{"rendered":"https:\/\/maestroiptv.org\/?page_id=1579"},"modified":"2023-08-30T01:07:26","modified_gmt":"2023-08-29T23:07:26","slug":"telecharger-et-installer-iptv-smarters-pro-pour-android-sans-le-play-store-et-configuration-2023-video","status":"publish","type":"page","link":"https:\/\/maestroiptv.org\/index.php\/telecharger-et-installer-iptv-smarters-pro-pour-android-sans-le-play-store-et-configuration-2023-video\/","title":{"rendered":"T\u00e9l\u00e9charger et Installer IPTV SMARTERS PRO pour Android sans le Play Store et Configuration 2023 [VIDEO]"},"content":{"rendered":"\n<figure class=\"wp-block-image\"><img decoding=\"async\" src=\"https:\/\/abonnement-iptv4u.b-cdn.net\/wp-content\/uploads\/2022\/01\/110.png\" alt=\"IPTV SMARTERS PRO\"\/><\/figure>\n\n\n\n<h3 class=\"wp-block-heading\">Comment installer IPTV SMARTERS Pro sur les Appareil android ?<\/h3>\n\n\n\n<p>Depuis le 19\/12\/2021, l\u2019application IPTV SMARTERS PRO n\u2019est plus t\u00e9l\u00e9chargeable depuis PLAYSTORE<\/p>\n\n\n\n<p>Dans ce tutoriel, vous apprendrez comment installer IPTV Smarters Pro sur votre appareil Android Sans le PlayStore<\/p>\n\n\n\n<p><strong>1.<\/strong>&nbsp;Nous allons d\u2019abord installer l\u2019&nbsp;application&nbsp;<strong>Downloader<\/strong><\/p>\n\n\n\n<p>Cette application vous aidera \u00e0 charger IPTV Smarter sur votre TV ANDROID (car les t\u00e9l\u00e9chargements par navigateur ne sont pas autoris\u00e9s)<\/p>\n\n\n\n<p><strong>2.<\/strong>&nbsp;<strong>Rechercher<\/strong>&nbsp;sur le PlayStore l\u2019application&nbsp;<strong>Downloader<\/strong><\/p>\n\n\n\n<figure class=\"wp-block-image\"><img decoding=\"async\" src=\"https:\/\/abonnement-iptv4u.b-cdn.net\/wp-content\/uploads\/2022\/01\/3.jpg?is-pending-load=1\" alt=\"\" class=\"wp-image-3362112\"\/><\/figure>\n\n\n\n<p><strong>3.<\/strong>&nbsp;<strong>T\u00e9l\u00e9charger&nbsp;<\/strong>et&nbsp;<strong>Installer<\/strong><\/p>\n\n\n\n<p><strong>4<\/strong>. Une fois t\u00e9l\u00e9charger et installer il suffit de ouvrir l\u2019&nbsp;application&nbsp;<strong>Downloader<\/strong><\/p>\n\n\n\n<p>Lorsque vous ex\u00e9cutez cette application pour la premi\u00e8re fois, un ensemble d\u2019invites appara\u00eetra.&nbsp;Ignorez-les jusqu\u2019\u00e0 ce que vous voyiez l\u2019\u00e9cran suivant<\/p>\n\n\n\n<p>Sur cet \u00e9cran, vous devez cliquer sur la zone de texte URL sur le c\u00f4t\u00e9 droit (assurez-vous que&nbsp;<em>l\u2019<\/em>&nbsp;option&nbsp;<em>Accueil<\/em>&nbsp;dans le menu de gauche est s\u00e9lectionn\u00e9e) o\u00f9 il est \u00e9crit&nbsp;<em>\u00ab&nbsp;http:\/\/&nbsp;\u00bb<\/em><\/p>\n\n\n\n<figure class=\"wp-block-image\"><img decoding=\"async\" src=\"https:\/\/abonnement-iptv4u.b-cdn.net\/wp-content\/uploads\/2022\/01\/15.jpg?is-pending-load=1\" alt=\"\" class=\"wp-image-3362246\"\/><\/figure>\n\n\n\n<p><strong>5.<\/strong>&nbsp;Allez-y et entrez le chemin suivant dans cette fen\u00eatre&nbsp;:&nbsp;<strong>https:\/\/www.firesticktricks.com\/smarter<\/strong><\/p>\n\n\n\n<p><em>Remarque : vous pouvez \u00e9galement utiliser la version abr\u00e9g\u00e9e de l\u2019URL&nbsp;<strong><a href=\"http:\/\/5.xn--%20allez-y%20et%20entrez%20le%20chemin%20suivant%20dans%20cette%20fentre%20:%20https-g5g\/\/www.firesticktricks.com\/smarter\" rel=\"noreferrer noopener\" target=\"_blank\">firesticktricks.com\/smarter<\/a><\/strong><\/em><\/p>\n\n\n\n<p>Cliquez sur&nbsp;<strong>GO<\/strong><\/p>\n\n\n\n<figure class=\"wp-block-image\"><img decoding=\"async\" src=\"https:\/\/abonnement-iptv4u.b-cdn.net\/wp-content\/uploads\/2022\/01\/1.jpg?is-pending-load=1\" alt=\"\" class=\"wp-image-3363160\"\/><\/figure>\n\n\n\n<p><strong>6.<\/strong>&nbsp;Donnez-lui une minute ou deux jusqu\u2019\u00e0 ce que IPTV Smarter soit t\u00e9l\u00e9charg\u00e9 sur votre appareil android<\/p>\n\n\n\n<figure class=\"wp-block-image\"><img decoding=\"async\" src=\"https:\/\/abonnement-iptv4u.b-cdn.net\/wp-content\/uploads\/2022\/01\/22.jpg?is-pending-load=1\" alt=\"\" class=\"wp-image-3363169\"\/><\/figure>\n\n\n\n<p><strong>7.<\/strong>&nbsp;Une fois le t\u00e9l\u00e9chargement termin\u00e9, l\u2019application Downloader ex\u00e9cutera le fichier APK et l\u2019installation commencera<\/p>\n\n\n\n<p>Cliquez sur&nbsp;<strong>Installer<\/strong><\/p>\n\n\n\n<figure class=\"wp-block-image\"><img decoding=\"async\" src=\"https:\/\/abonnement-iptv4u.b-cdn.net\/wp-content\/uploads\/2022\/01\/33.jpg?is-pending-load=1\" alt=\"\" class=\"wp-image-3363175\"\/><\/figure>\n\n\n\n<p><strong>8.<\/strong>&nbsp;Attendez la fin de l\u2019installation<\/p>\n\n\n\n<figure class=\"wp-block-image\"><img decoding=\"async\" src=\"https:\/\/abonnement-iptv4u.b-cdn.net\/wp-content\/uploads\/2022\/01\/44.jpg?is-pending-load=1\" alt=\"\" class=\"wp-image-3363185\"\/><\/figure>\n\n\n\n<p><strong>9. L\u2019<\/strong>&nbsp;installation est termin\u00e9e avec la&nbsp;notification d\u2019&nbsp;<strong>installation de<\/strong>&nbsp;l\u2019&nbsp;<strong>application<\/strong><\/p>\n\n\n\n<p>Vous pouvez maintenant choisir de cliquer sur OUVRIR et commencer avec IPTV Smarters<\/p>\n\n\n\n<p>Je vous recommande de choisir\u00a0<strong>DONE<\/strong>\u00a0afin que vous puissiez d\u2019abord supprimer le fichier APK et \u00e9conomiser de l\u2019espace sur le stockage de votre box android<\/p>\n\n\n\n<figure class=\"wp-block-embed is-type-video is-provider-videopress wp-block-embed-videopress wp-embed-aspect-16-9 wp-has-aspect-ratio\"><div class=\"wp-block-embed__wrapper\">\n<iframe title=\"VideoPress Video Player\" aria-label='VideoPress Video Player' width='1290' height='726' src='https:\/\/videopress.com\/embed\/fwY5w6fz?hd=1&amp;cover=1' frameborder='0' allowfullscreen allow='clipboard-write'><\/iframe><script src='https:\/\/v0.wordpress.com\/js\/next\/videopress-iframe.js?m=1674852142'><\/script>\n<\/div><\/figure>\n","protected":false},"excerpt":{"rendered":"<p>Comment installer IPTV SMARTERS Pro sur les Appareil android ? Depuis le 19\/12\/2021, l\u2019application IPTV SMARTERS PRO n\u2019est plus t\u00e9l\u00e9chargeable depuis PLAYSTORE Dans ce tutoriel, vous apprendrez comment installer IPTV Smarters Pro sur votre appareil Android Sans le PlayStore 1.&nbsp;Nous allons d\u2019abord installer l\u2019&nbsp;application&nbsp;Downloader Cette application vous aidera \u00e0 charger IPTV Smarter sur votre TV [&hellip;]<\/p>\n","protected":false},"author":1,"featured_media":0,"parent":0,"menu_order":0,"comment_status":"closed","ping_status":"closed","template":"","meta":{"footnotes":""},"class_list":["post-1579","page","type-page","status-publish","hentry"],"blocksy_meta":[],"yoast_head":"<!-- This site is optimized with the Yoast SEO plugin v27.5 - https:\/\/yoast.com\/product\/yoast-seo-wordpress\/ -->\n<title>T\u00e9l\u00e9charger et Installer IPTV SMARTERS PRO pour Android sans le Play Store et Configuration 2023 [VIDEO] - maestrotv<\/title>\n<meta name=\"robots\" content=\"index, follow, max-snippet:-1, max-image-preview:large, max-video-preview:-1\" \/>\n<link rel=\"canonical\" href=\"https:\/\/maestroiptv.org\/index.php\/telecharger-et-installer-iptv-smarters-pro-pour-android-sans-le-play-store-et-configuration-2023-video\/\" \/>\n<meta property=\"og:locale\" content=\"fr_FR\" \/>\n<meta property=\"og:type\" content=\"article\" \/>\n<meta property=\"og:title\" content=\"T\u00e9l\u00e9charger et Installer IPTV SMARTERS PRO pour Android sans le Play Store et Configuration 2023 [VIDEO] - maestrotv\" \/>\n<meta property=\"og:description\" content=\"Comment installer IPTV SMARTERS Pro sur les Appareil android ? Depuis le 19\/12\/2021, l\u2019application IPTV SMARTERS PRO n\u2019est plus t\u00e9l\u00e9chargeable depuis PLAYSTORE Dans ce tutoriel, vous apprendrez comment installer IPTV Smarters Pro sur votre appareil Android Sans le PlayStore 1.&nbsp;Nous allons d\u2019abord installer l\u2019&nbsp;application&nbsp;Downloader Cette application vous aidera \u00e0 charger IPTV Smarter sur votre TV [&hellip;]\" \/>\n<meta property=\"og:url\" content=\"https:\/\/maestroiptv.org\/index.php\/telecharger-et-installer-iptv-smarters-pro-pour-android-sans-le-play-store-et-configuration-2023-video\/\" \/>\n<meta property=\"og:site_name\" content=\"maestrotv\" \/>\n<meta property=\"og:image\" content=\"https:\/\/abonnement-iptv4u.b-cdn.net\/wp-content\/uploads\/2022\/01\/110.png\" \/>\n<meta name=\"twitter:card\" content=\"summary_large_image\" \/>\n<meta name=\"twitter:label1\" content=\"Dur\u00e9e de lecture estim\u00e9e\" \/>\n\t<meta name=\"twitter:data1\" content=\"3 minutes\" \/>\n<script type=\"application\/ld+json\" class=\"yoast-schema-graph\">{\"@context\":\"https:\\\/\\\/schema.org\",\"@graph\":[{\"@type\":\"WebPage\",\"@id\":\"https:\\\/\\\/maestroiptv.org\\\/index.php\\\/telecharger-et-installer-iptv-smarters-pro-pour-android-sans-le-play-store-et-configuration-2023-video\\\/\",\"url\":\"https:\\\/\\\/maestroiptv.org\\\/index.php\\\/telecharger-et-installer-iptv-smarters-pro-pour-android-sans-le-play-store-et-configuration-2023-video\\\/\",\"name\":\"T\u00e9l\u00e9charger et Installer IPTV SMARTERS PRO pour Android sans le Play Store et Configuration 2023 [VIDEO] - maestrotv\",\"isPartOf\":{\"@id\":\"https:\\\/\\\/maestroiptv.org\\\/#website\"},\"primaryImageOfPage\":{\"@id\":\"https:\\\/\\\/maestroiptv.org\\\/index.php\\\/telecharger-et-installer-iptv-smarters-pro-pour-android-sans-le-play-store-et-configuration-2023-video\\\/#primaryimage\"},\"image\":{\"@id\":\"https:\\\/\\\/maestroiptv.org\\\/index.php\\\/telecharger-et-installer-iptv-smarters-pro-pour-android-sans-le-play-store-et-configuration-2023-video\\\/#primaryimage\"},\"thumbnailUrl\":\"https:\\\/\\\/abonnement-iptv4u.b-cdn.net\\\/wp-content\\\/uploads\\\/2022\\\/01\\\/110.png\",\"datePublished\":\"2023-08-29T23:07:26+00:00\",\"breadcrumb\":{\"@id\":\"https:\\\/\\\/maestroiptv.org\\\/index.php\\\/telecharger-et-installer-iptv-smarters-pro-pour-android-sans-le-play-store-et-configuration-2023-video\\\/#breadcrumb\"},\"inLanguage\":\"fr-FR\",\"potentialAction\":[{\"@type\":\"ReadAction\",\"target\":[\"https:\\\/\\\/maestroiptv.org\\\/index.php\\\/telecharger-et-installer-iptv-smarters-pro-pour-android-sans-le-play-store-et-configuration-2023-video\\\/\"]}]},{\"@type\":\"ImageObject\",\"inLanguage\":\"fr-FR\",\"@id\":\"https:\\\/\\\/maestroiptv.org\\\/index.php\\\/telecharger-et-installer-iptv-smarters-pro-pour-android-sans-le-play-store-et-configuration-2023-video\\\/#primaryimage\",\"url\":\"https:\\\/\\\/abonnement-iptv4u.b-cdn.net\\\/wp-content\\\/uploads\\\/2022\\\/01\\\/110.png\",\"contentUrl\":\"https:\\\/\\\/abonnement-iptv4u.b-cdn.net\\\/wp-content\\\/uploads\\\/2022\\\/01\\\/110.png\"},{\"@type\":\"BreadcrumbList\",\"@id\":\"https:\\\/\\\/maestroiptv.org\\\/index.php\\\/telecharger-et-installer-iptv-smarters-pro-pour-android-sans-le-play-store-et-configuration-2023-video\\\/#breadcrumb\",\"itemListElement\":[{\"@type\":\"ListItem\",\"position\":1,\"name\":\"Home\",\"item\":\"https:\\\/\\\/maestroiptv.org\\\/\"},{\"@type\":\"ListItem\",\"position\":2,\"name\":\"T\u00e9l\u00e9charger et Installer IPTV SMARTERS PRO pour Android sans le Play Store et Configuration 2023 [VIDEO]\"}]},{\"@type\":\"WebSite\",\"@id\":\"https:\\\/\\\/maestroiptv.org\\\/#website\",\"url\":\"https:\\\/\\\/maestroiptv.org\\\/\",\"name\":\"maestrotv\",\"description\":\"\",\"publisher\":{\"@id\":\"https:\\\/\\\/maestroiptv.org\\\/#organization\"},\"potentialAction\":[{\"@type\":\"SearchAction\",\"target\":{\"@type\":\"EntryPoint\",\"urlTemplate\":\"https:\\\/\\\/maestroiptv.org\\\/?s={search_term_string}\"},\"query-input\":{\"@type\":\"PropertyValueSpecification\",\"valueRequired\":true,\"valueName\":\"search_term_string\"}}],\"inLanguage\":\"fr-FR\"},{\"@type\":\"Organization\",\"@id\":\"https:\\\/\\\/maestroiptv.org\\\/#organization\",\"name\":\"maestrotv\",\"url\":\"https:\\\/\\\/maestroiptv.org\\\/\",\"logo\":{\"@type\":\"ImageObject\",\"inLanguage\":\"fr-FR\",\"@id\":\"https:\\\/\\\/maestroiptv.org\\\/#\\\/schema\\\/logo\\\/image\\\/\",\"url\":\"https:\\\/\\\/maestroiptv.org\\\/wp-content\\\/uploads\\\/2023\\\/07\\\/Logo.png\",\"contentUrl\":\"https:\\\/\\\/maestroiptv.org\\\/wp-content\\\/uploads\\\/2023\\\/07\\\/Logo.png\",\"width\":114,\"height\":114,\"caption\":\"maestrotv\"},\"image\":{\"@id\":\"https:\\\/\\\/maestroiptv.org\\\/#\\\/schema\\\/logo\\\/image\\\/\"}}]}<\/script>\n<!-- \/ Yoast SEO plugin. -->","yoast_head_json":{"title":"T\u00e9l\u00e9charger et Installer IPTV SMARTERS PRO pour Android sans le Play Store et Configuration 2023 [VIDEO] - maestrotv","robots":{"index":"index","follow":"follow","max-snippet":"max-snippet:-1","max-image-preview":"max-image-preview:large","max-video-preview":"max-video-preview:-1"},"canonical":"https:\/\/maestroiptv.org\/index.php\/telecharger-et-installer-iptv-smarters-pro-pour-android-sans-le-play-store-et-configuration-2023-video\/","og_locale":"fr_FR","og_type":"article","og_title":"T\u00e9l\u00e9charger et Installer IPTV SMARTERS PRO pour Android sans le Play Store et Configuration 2023 [VIDEO] - maestrotv","og_description":"Comment installer IPTV SMARTERS Pro sur les Appareil android ? Depuis le 19\/12\/2021, l\u2019application IPTV SMARTERS PRO n\u2019est plus t\u00e9l\u00e9chargeable depuis PLAYSTORE Dans ce tutoriel, vous apprendrez comment installer IPTV Smarters Pro sur votre appareil Android Sans le PlayStore 1.&nbsp;Nous allons d\u2019abord installer l\u2019&nbsp;application&nbsp;Downloader Cette application vous aidera \u00e0 charger IPTV Smarter sur votre TV [&hellip;]","og_url":"https:\/\/maestroiptv.org\/index.php\/telecharger-et-installer-iptv-smarters-pro-pour-android-sans-le-play-store-et-configuration-2023-video\/","og_site_name":"maestrotv","og_image":[{"url":"https:\/\/abonnement-iptv4u.b-cdn.net\/wp-content\/uploads\/2022\/01\/110.png","type":"","width":"","height":""}],"twitter_card":"summary_large_image","twitter_misc":{"Dur\u00e9e de lecture estim\u00e9e":"3 minutes"},"schema":{"@context":"https:\/\/schema.org","@graph":[{"@type":"WebPage","@id":"https:\/\/maestroiptv.org\/index.php\/telecharger-et-installer-iptv-smarters-pro-pour-android-sans-le-play-store-et-configuration-2023-video\/","url":"https:\/\/maestroiptv.org\/index.php\/telecharger-et-installer-iptv-smarters-pro-pour-android-sans-le-play-store-et-configuration-2023-video\/","name":"T\u00e9l\u00e9charger et Installer IPTV SMARTERS PRO pour Android sans le Play Store et Configuration 2023 [VIDEO] - maestrotv","isPartOf":{"@id":"https:\/\/maestroiptv.org\/#website"},"primaryImageOfPage":{"@id":"https:\/\/maestroiptv.org\/index.php\/telecharger-et-installer-iptv-smarters-pro-pour-android-sans-le-play-store-et-configuration-2023-video\/#primaryimage"},"image":{"@id":"https:\/\/maestroiptv.org\/index.php\/telecharger-et-installer-iptv-smarters-pro-pour-android-sans-le-play-store-et-configuration-2023-video\/#primaryimage"},"thumbnailUrl":"https:\/\/abonnement-iptv4u.b-cdn.net\/wp-content\/uploads\/2022\/01\/110.png","datePublished":"2023-08-29T23:07:26+00:00","breadcrumb":{"@id":"https:\/\/maestroiptv.org\/index.php\/telecharger-et-installer-iptv-smarters-pro-pour-android-sans-le-play-store-et-configuration-2023-video\/#breadcrumb"},"inLanguage":"fr-FR","potentialAction":[{"@type":"ReadAction","target":["https:\/\/maestroiptv.org\/index.php\/telecharger-et-installer-iptv-smarters-pro-pour-android-sans-le-play-store-et-configuration-2023-video\/"]}]},{"@type":"ImageObject","inLanguage":"fr-FR","@id":"https:\/\/maestroiptv.org\/index.php\/telecharger-et-installer-iptv-smarters-pro-pour-android-sans-le-play-store-et-configuration-2023-video\/#primaryimage","url":"https:\/\/abonnement-iptv4u.b-cdn.net\/wp-content\/uploads\/2022\/01\/110.png","contentUrl":"https:\/\/abonnement-iptv4u.b-cdn.net\/wp-content\/uploads\/2022\/01\/110.png"},{"@type":"BreadcrumbList","@id":"https:\/\/maestroiptv.org\/index.php\/telecharger-et-installer-iptv-smarters-pro-pour-android-sans-le-play-store-et-configuration-2023-video\/#breadcrumb","itemListElement":[{"@type":"ListItem","position":1,"name":"Home","item":"https:\/\/maestroiptv.org\/"},{"@type":"ListItem","position":2,"name":"T\u00e9l\u00e9charger et Installer IPTV SMARTERS PRO pour Android sans le Play Store et Configuration 2023 [VIDEO]"}]},{"@type":"WebSite","@id":"https:\/\/maestroiptv.org\/#website","url":"https:\/\/maestroiptv.org\/","name":"maestrotv","description":"","publisher":{"@id":"https:\/\/maestroiptv.org\/#organization"},"potentialAction":[{"@type":"SearchAction","target":{"@type":"EntryPoint","urlTemplate":"https:\/\/maestroiptv.org\/?s={search_term_string}"},"query-input":{"@type":"PropertyValueSpecification","valueRequired":true,"valueName":"search_term_string"}}],"inLanguage":"fr-FR"},{"@type":"Organization","@id":"https:\/\/maestroiptv.org\/#organization","name":"maestrotv","url":"https:\/\/maestroiptv.org\/","logo":{"@type":"ImageObject","inLanguage":"fr-FR","@id":"https:\/\/maestroiptv.org\/#\/schema\/logo\/image\/","url":"https:\/\/maestroiptv.org\/wp-content\/uploads\/2023\/07\/Logo.png","contentUrl":"https:\/\/maestroiptv.org\/wp-content\/uploads\/2023\/07\/Logo.png","width":114,"height":114,"caption":"maestrotv"},"image":{"@id":"https:\/\/maestroiptv.org\/#\/schema\/logo\/image\/"}}]}},"_links":{"self":[{"href":"https:\/\/maestroiptv.org\/index.php\/wp-json\/wp\/v2\/pages\/1579","targetHints":{"allow":["GET"]}}],"collection":[{"href":"https:\/\/maestroiptv.org\/index.php\/wp-json\/wp\/v2\/pages"}],"about":[{"href":"https:\/\/maestroiptv.org\/index.php\/wp-json\/wp\/v2\/types\/page"}],"author":[{"embeddable":true,"href":"https:\/\/maestroiptv.org\/index.php\/wp-json\/wp\/v2\/users\/1"}],"replies":[{"embeddable":true,"href":"https:\/\/maestroiptv.org\/index.php\/wp-json\/wp\/v2\/comments?post=1579"}],"version-history":[{"count":1,"href":"https:\/\/maestroiptv.org\/index.php\/wp-json\/wp\/v2\/pages\/1579\/revisions"}],"predecessor-version":[{"id":1580,"href":"https:\/\/maestroiptv.org\/index.php\/wp-json\/wp\/v2\/pages\/1579\/revisions\/1580"}],"wp:attachment":[{"href":"https:\/\/maestroiptv.org\/index.php\/wp-json\/wp\/v2\/media?parent=1579"}],"curies":[{"name":"wp","href":"https:\/\/api.w.org\/{rel}","templated":true}]}}