{"id":1618,"date":"2023-08-30T06:22:31","date_gmt":"2023-08-30T04:22:31","guid":{"rendered":"https:\/\/maestroiptv.org\/?page_id=1618"},"modified":"2023-08-30T06:22:32","modified_gmt":"2023-08-30T04:22:32","slug":"les-meilleures-solutions-iptv-pour-resoudre-les-pannes-des-coupures","status":"publish","type":"page","link":"https:\/\/maestroiptv.org\/index.php\/les-meilleures-solutions-iptv-pour-resoudre-les-pannes-des-coupures\/","title":{"rendered":"Les meilleures solutions IPTV pour r\u00e9soudre les pannes des coupures"},"content":{"rendered":"\n<figure class=\"wp-block-image\"><img decoding=\"async\" src=\"https:\/\/abonnement-iptv4u.b-cdn.net\/wp-content\/uploads\/2020\/08\/buffering-issue-fix.jpg?is-pending-load=1\" alt=\"Panne iptv\"\/><\/figure>\n\n\n\n<p>Lorsque vous changez ou essayez de revenir \u00e0 un groupe ou de basculer entre les canaux, rencontrerez-vous des probl\u00e8mes de tampon, une coupure, un chargement de canal tr\u00e8s lent et une r\u00e9ponse lente?<\/p>\n\n\n\n<figure class=\"wp-block-image\"><img decoding=\"async\" src=\"https:\/\/abonnement-iptv4u.b-cdn.net\/wp-content\/uploads\/2020\/08\/pex_fernseher_defekt_titel.png\" alt=\"\" class=\"wp-image-1875\"\/><\/figure>\n\n\n\n<p>Lorsque l\u2019appareil<a href=\"https:\/\/maestroiptv.org\/index.php\/abonnement-vip-iptv\/\">\u00a0IPTV\u00a0<\/a>continue de se mettre en m\u00e9moire tampon, c\u2019est l\u2019une des choses les plus ennuyeuses que vous puissiez rencontrer en regardant vos programmes pr\u00e9f\u00e9r\u00e9s.La premi\u00e8re chose que vous devez savoir est que lorsque vous utilisez<a href=\"https:\/\/maestroiptv.org\/index.php\/abonnement-vip-iptv\/\">\u00a0IPTV<\/a>, les flux vid\u00e9o ne sont pas envoy\u00e9s directement \u00e0 l\u2019appareil, mais plut\u00f4t sous forme de \u00abpaquets de donn\u00e9es\u00bb de la taille d\u2019une bouch\u00e9e.<br>S\u2019il y a un retard qui pourrait \u00eatre caus\u00e9 par un r\u00e9seau lent, votre show s\u2019arr\u00eate pendant qu\u2019il attend le prochain paquet.\u00a0C\u2019est ce qu\u2019on appelle le buffering.<br>Heureusement, il existe de nombreuses solutions que vous pouvez utiliser pour minimiser ou arr\u00eater votre appareil (<a href=\"https:\/\/maestroiptv.org\/index.php\/abonnement-vip-iptv\/\">Smart TV, Smartphone, Kodi, Firestick..<\/a>) de tamponner tout en regardant des vid\u00e9os en continu sur elle<\/p>\n\n\n\n<p>Avant d\u2019entrer dans les solutions, voici quelques raisons pour lesquelles vous pouvez rencontrer des probl\u00e8mes de chargement ou de mise en m\u00e9moire tampon incorrects:<\/p>\n\n\n\n<ul class=\"wp-block-list\">\n<li>Vitesse de connexion lente<\/li>\n\n\n\n<li>Probl\u00e8mes de connectivit\u00e9 r\u00e9seau<\/li>\n\n\n\n<li>Bande passante limit\u00e9e \u00e0 partir de la source de diffusion<\/li>\n\n\n\n<li>Param\u00e8tres de cache de p\u00e9riph\u00e9riques inappropri\u00e9s<\/li>\n\n\n\n<li>Fournisseur d\u2019acc\u00e8s Internet (ISP) limitant les vitesses de connexion.<\/li>\n<\/ul>\n\n\n\n<p>Comme pour tout autre probl\u00e8me technique, vous devez d\u2019abord trouver la source de votre probl\u00e8me. Par cons\u00e9quent, nous allons partager avec vous aujourd\u2019hui:<\/p>\n\n\n\n<h2 class=\"wp-block-heading\">Comment r\u00e9soudre les probl\u00e8mes de chargement lent ou de tampon lors de l\u2019utilisation de votre\u00a0<a href=\"https:\/\/maestroiptv.org\/index.php\/abonnement-vip-iptv\/\">iptv<\/a>\u00a0?<\/h2>\n\n\n\n<h4 class=\"wp-block-heading\">Testez la vitesse de connexion Internet!<\/h4>\n\n\n\n<p>Le contenu en streaming n\u00e9cessite une connexion Internet puissante. Voici les recommandations suivantes pour la diffusion en continu de contenu IPTV:<\/p>\n\n\n\n<ul class=\"wp-block-list\">\n<li>Vitesse minimale requise: 0,5 m\u00e9gabit par seconde<\/li>\n\n\n\n<li>Vitesse de connexion haut d\u00e9bit recommand\u00e9e: 1,5 M\u00e9gabits par seconde<\/li>\n\n\n\n<li>Vitesse recommand\u00e9e pour le contenu en qualit\u00e9 SD: 3,0 m\u00e9gabits par seconde<\/li>\n\n\n\n<li>Vitesse recommand\u00e9e pour le contenu de qualit\u00e9 HD: 5,0 M\u00e9gabits par seconde<\/li>\n\n\n\n<li>Vitesse recommand\u00e9e pour le contenu de qualit\u00e9 Ultra HD: 25 M\u00e9gabits par seconde<\/li>\n<\/ul>\n\n\n\n<p>D\u2019apr\u00e8s ce que nous avons mentionn\u00e9 plus t\u00f4t. Il peut \u00eatre judicieux d\u2019avoir au moins une connexion de 5,0 Mo \/ s pour diffuser du contenu sur n\u2019importe quel appareil. Si la vitesse de connexion est inf\u00e9rieure \u00e0 cette vitesse. Ensuite, il y aura des interruptions lors de la diffusion de contenu HD. Il est toujours pr\u00e9f\u00e9rable d\u2019utiliser une connexion plus \u00e9lev\u00e9e. Si la vitesse de connexion fluctue, cela vous donnera une certaine marge de man\u0153uvre.<\/p>\n\n\n\n<p>Si votre vitesse de connexion est \u00e9gale ou sup\u00e9rieure \u00e0 5,0 Mbps et que vous rencontrez toujours des probl\u00e8mes. Ensuite, votre premi\u00e8re \u00e9tape consiste \u00e0 ex\u00e9cuter un test de vitesse sur Internet pour voir \u00e0 quoi ressemblent vos chiffres.<br>Vous pouvez v\u00e9rifier votre vitesse en utilisant l\u2019un de ces sites Web:<\/p>\n\n\n\n<ul class=\"wp-block-list\">\n<li>Speedtest.net<\/li>\n\n\n\n<li>testmy.net<\/li>\n<\/ul>\n\n\n\n<h4 class=\"wp-block-heading\">Optimisez vos param\u00e8tres de cache!<\/h4>\n\n\n\n<p>Parfois, la cause de la faible diffusion en continu et de la mise en m\u00e9moire tampon peut \u00eatre due \u00e0 l\u2019insuffisance de m\u00e9moire RAM ou \u00e0 un probl\u00e8me de cache, la solution la plus recommand\u00e9e \u00e9tant d\u2019avoir une BOX Android avec 2 Go ou plus d\u2019espace RAM.<br>En cas de probl\u00e8me de m\u00e9moire cache (mise en m\u00e9moire tampon sur tous les canaux, \u00e9cran noir), essayez de d\u00e9brancher le c\u00e2ble d\u2019alimentation de votre t\u00e9l\u00e9viseur ou de votre bo\u00eetier et attendez 20 ou 30 secondes, puis reconnectez-le \u00e0 nouveau. Cela efface le cache syst\u00e8me et pourrait r\u00e9soudre ce probl\u00e8me. .<\/p>\n\n\n\n<p>En tant que\u00a0<a href=\"https:\/\/maestroiptv.org\/index.php\/abonnement-vip-iptv\/\">fournisseur IPTV<\/a>, nous nous assurons de vous aider avec une \u00e9quipe technique jusqu\u2019\u00e0 ce que vous obteniez un service de bonne qualit\u00e9. <\/p>\n\n\n\n<p><\/p>\n","protected":false},"excerpt":{"rendered":"<p>Lorsque vous changez ou essayez de revenir \u00e0 un groupe ou de basculer entre les canaux, rencontrerez-vous des probl\u00e8mes de tampon, une coupure, un chargement de canal tr\u00e8s lent et une r\u00e9ponse lente? Lorsque l\u2019appareil\u00a0IPTV\u00a0continue de se mettre en m\u00e9moire tampon, c\u2019est l\u2019une des choses les plus ennuyeuses que vous puissiez rencontrer en regardant vos [&hellip;]<\/p>\n","protected":false},"author":1,"featured_media":0,"parent":0,"menu_order":0,"comment_status":"closed","ping_status":"closed","template":"","meta":{"footnotes":""},"class_list":["post-1618","page","type-page","status-publish","hentry"],"blocksy_meta":[],"yoast_head":"<!-- This site is optimized with the Yoast SEO plugin v27.5 - https:\/\/yoast.com\/product\/yoast-seo-wordpress\/ -->\n<title>Les meilleures solutions IPTV pour r\u00e9soudre les pannes des coupures - maestrotv<\/title>\n<meta name=\"robots\" content=\"index, follow, max-snippet:-1, max-image-preview:large, max-video-preview:-1\" \/>\n<link rel=\"canonical\" href=\"https:\/\/maestroiptv.org\/index.php\/les-meilleures-solutions-iptv-pour-resoudre-les-pannes-des-coupures\/\" \/>\n<meta property=\"og:locale\" content=\"fr_FR\" \/>\n<meta property=\"og:type\" content=\"article\" \/>\n<meta property=\"og:title\" content=\"Les meilleures solutions IPTV pour r\u00e9soudre les pannes des coupures - maestrotv\" \/>\n<meta property=\"og:description\" content=\"Lorsque vous changez ou essayez de revenir \u00e0 un groupe ou de basculer entre les canaux, rencontrerez-vous des probl\u00e8mes de tampon, une coupure, un chargement de canal tr\u00e8s lent et une r\u00e9ponse lente? Lorsque l\u2019appareil\u00a0IPTV\u00a0continue de se mettre en m\u00e9moire tampon, c\u2019est l\u2019une des choses les plus ennuyeuses que vous puissiez rencontrer en regardant vos [&hellip;]\" \/>\n<meta property=\"og:url\" content=\"https:\/\/maestroiptv.org\/index.php\/les-meilleures-solutions-iptv-pour-resoudre-les-pannes-des-coupures\/\" \/>\n<meta property=\"og:site_name\" content=\"maestrotv\" \/>\n<meta property=\"article:modified_time\" content=\"2023-08-30T04:22:32+00:00\" \/>\n<meta property=\"og:image\" content=\"https:\/\/abonnement-iptv4u.b-cdn.net\/wp-content\/uploads\/2020\/08\/buffering-issue-fix.jpg?is-pending-load=1\" \/>\n<meta name=\"twitter:card\" content=\"summary_large_image\" \/>\n<meta name=\"twitter:label1\" content=\"Dur\u00e9e de lecture estim\u00e9e\" \/>\n\t<meta name=\"twitter:data1\" content=\"4 minutes\" \/>\n<script type=\"application\/ld+json\" class=\"yoast-schema-graph\">{\"@context\":\"https:\\\/\\\/schema.org\",\"@graph\":[{\"@type\":\"WebPage\",\"@id\":\"https:\\\/\\\/maestroiptv.org\\\/index.php\\\/les-meilleures-solutions-iptv-pour-resoudre-les-pannes-des-coupures\\\/\",\"url\":\"https:\\\/\\\/maestroiptv.org\\\/index.php\\\/les-meilleures-solutions-iptv-pour-resoudre-les-pannes-des-coupures\\\/\",\"name\":\"Les meilleures solutions IPTV pour r\u00e9soudre les pannes des coupures - maestrotv\",\"isPartOf\":{\"@id\":\"https:\\\/\\\/maestroiptv.org\\\/#website\"},\"primaryImageOfPage\":{\"@id\":\"https:\\\/\\\/maestroiptv.org\\\/index.php\\\/les-meilleures-solutions-iptv-pour-resoudre-les-pannes-des-coupures\\\/#primaryimage\"},\"image\":{\"@id\":\"https:\\\/\\\/maestroiptv.org\\\/index.php\\\/les-meilleures-solutions-iptv-pour-resoudre-les-pannes-des-coupures\\\/#primaryimage\"},\"thumbnailUrl\":\"https:\\\/\\\/abonnement-iptv4u.b-cdn.net\\\/wp-content\\\/uploads\\\/2020\\\/08\\\/buffering-issue-fix.jpg?is-pending-load=1\",\"datePublished\":\"2023-08-30T04:22:31+00:00\",\"dateModified\":\"2023-08-30T04:22:32+00:00\",\"breadcrumb\":{\"@id\":\"https:\\\/\\\/maestroiptv.org\\\/index.php\\\/les-meilleures-solutions-iptv-pour-resoudre-les-pannes-des-coupures\\\/#breadcrumb\"},\"inLanguage\":\"fr-FR\",\"potentialAction\":[{\"@type\":\"ReadAction\",\"target\":[\"https:\\\/\\\/maestroiptv.org\\\/index.php\\\/les-meilleures-solutions-iptv-pour-resoudre-les-pannes-des-coupures\\\/\"]}]},{\"@type\":\"ImageObject\",\"inLanguage\":\"fr-FR\",\"@id\":\"https:\\\/\\\/maestroiptv.org\\\/index.php\\\/les-meilleures-solutions-iptv-pour-resoudre-les-pannes-des-coupures\\\/#primaryimage\",\"url\":\"https:\\\/\\\/abonnement-iptv4u.b-cdn.net\\\/wp-content\\\/uploads\\\/2020\\\/08\\\/buffering-issue-fix.jpg?is-pending-load=1\",\"contentUrl\":\"https:\\\/\\\/abonnement-iptv4u.b-cdn.net\\\/wp-content\\\/uploads\\\/2020\\\/08\\\/buffering-issue-fix.jpg?is-pending-load=1\"},{\"@type\":\"BreadcrumbList\",\"@id\":\"https:\\\/\\\/maestroiptv.org\\\/index.php\\\/les-meilleures-solutions-iptv-pour-resoudre-les-pannes-des-coupures\\\/#breadcrumb\",\"itemListElement\":[{\"@type\":\"ListItem\",\"position\":1,\"name\":\"Home\",\"item\":\"https:\\\/\\\/maestroiptv.org\\\/\"},{\"@type\":\"ListItem\",\"position\":2,\"name\":\"Les meilleures solutions IPTV pour r\u00e9soudre les pannes des coupures\"}]},{\"@type\":\"WebSite\",\"@id\":\"https:\\\/\\\/maestroiptv.org\\\/#website\",\"url\":\"https:\\\/\\\/maestroiptv.org\\\/\",\"name\":\"maestrotv\",\"description\":\"\",\"publisher\":{\"@id\":\"https:\\\/\\\/maestroiptv.org\\\/#organization\"},\"potentialAction\":[{\"@type\":\"SearchAction\",\"target\":{\"@type\":\"EntryPoint\",\"urlTemplate\":\"https:\\\/\\\/maestroiptv.org\\\/?s={search_term_string}\"},\"query-input\":{\"@type\":\"PropertyValueSpecification\",\"valueRequired\":true,\"valueName\":\"search_term_string\"}}],\"inLanguage\":\"fr-FR\"},{\"@type\":\"Organization\",\"@id\":\"https:\\\/\\\/maestroiptv.org\\\/#organization\",\"name\":\"maestrotv\",\"url\":\"https:\\\/\\\/maestroiptv.org\\\/\",\"logo\":{\"@type\":\"ImageObject\",\"inLanguage\":\"fr-FR\",\"@id\":\"https:\\\/\\\/maestroiptv.org\\\/#\\\/schema\\\/logo\\\/image\\\/\",\"url\":\"https:\\\/\\\/maestroiptv.org\\\/wp-content\\\/uploads\\\/2023\\\/07\\\/Logo.png\",\"contentUrl\":\"https:\\\/\\\/maestroiptv.org\\\/wp-content\\\/uploads\\\/2023\\\/07\\\/Logo.png\",\"width\":114,\"height\":114,\"caption\":\"maestrotv\"},\"image\":{\"@id\":\"https:\\\/\\\/maestroiptv.org\\\/#\\\/schema\\\/logo\\\/image\\\/\"}}]}<\/script>\n<!-- \/ Yoast SEO plugin. -->","yoast_head_json":{"title":"Les meilleures solutions IPTV pour r\u00e9soudre les pannes des coupures - maestrotv","robots":{"index":"index","follow":"follow","max-snippet":"max-snippet:-1","max-image-preview":"max-image-preview:large","max-video-preview":"max-video-preview:-1"},"canonical":"https:\/\/maestroiptv.org\/index.php\/les-meilleures-solutions-iptv-pour-resoudre-les-pannes-des-coupures\/","og_locale":"fr_FR","og_type":"article","og_title":"Les meilleures solutions IPTV pour r\u00e9soudre les pannes des coupures - maestrotv","og_description":"Lorsque vous changez ou essayez de revenir \u00e0 un groupe ou de basculer entre les canaux, rencontrerez-vous des probl\u00e8mes de tampon, une coupure, un chargement de canal tr\u00e8s lent et une r\u00e9ponse lente? Lorsque l\u2019appareil\u00a0IPTV\u00a0continue de se mettre en m\u00e9moire tampon, c\u2019est l\u2019une des choses les plus ennuyeuses que vous puissiez rencontrer en regardant vos [&hellip;]","og_url":"https:\/\/maestroiptv.org\/index.php\/les-meilleures-solutions-iptv-pour-resoudre-les-pannes-des-coupures\/","og_site_name":"maestrotv","article_modified_time":"2023-08-30T04:22:32+00:00","og_image":[{"url":"https:\/\/abonnement-iptv4u.b-cdn.net\/wp-content\/uploads\/2020\/08\/buffering-issue-fix.jpg?is-pending-load=1","type":"","width":"","height":""}],"twitter_card":"summary_large_image","twitter_misc":{"Dur\u00e9e de lecture estim\u00e9e":"4 minutes"},"schema":{"@context":"https:\/\/schema.org","@graph":[{"@type":"WebPage","@id":"https:\/\/maestroiptv.org\/index.php\/les-meilleures-solutions-iptv-pour-resoudre-les-pannes-des-coupures\/","url":"https:\/\/maestroiptv.org\/index.php\/les-meilleures-solutions-iptv-pour-resoudre-les-pannes-des-coupures\/","name":"Les meilleures solutions IPTV pour r\u00e9soudre les pannes des coupures - maestrotv","isPartOf":{"@id":"https:\/\/maestroiptv.org\/#website"},"primaryImageOfPage":{"@id":"https:\/\/maestroiptv.org\/index.php\/les-meilleures-solutions-iptv-pour-resoudre-les-pannes-des-coupures\/#primaryimage"},"image":{"@id":"https:\/\/maestroiptv.org\/index.php\/les-meilleures-solutions-iptv-pour-resoudre-les-pannes-des-coupures\/#primaryimage"},"thumbnailUrl":"https:\/\/abonnement-iptv4u.b-cdn.net\/wp-content\/uploads\/2020\/08\/buffering-issue-fix.jpg?is-pending-load=1","datePublished":"2023-08-30T04:22:31+00:00","dateModified":"2023-08-30T04:22:32+00:00","breadcrumb":{"@id":"https:\/\/maestroiptv.org\/index.php\/les-meilleures-solutions-iptv-pour-resoudre-les-pannes-des-coupures\/#breadcrumb"},"inLanguage":"fr-FR","potentialAction":[{"@type":"ReadAction","target":["https:\/\/maestroiptv.org\/index.php\/les-meilleures-solutions-iptv-pour-resoudre-les-pannes-des-coupures\/"]}]},{"@type":"ImageObject","inLanguage":"fr-FR","@id":"https:\/\/maestroiptv.org\/index.php\/les-meilleures-solutions-iptv-pour-resoudre-les-pannes-des-coupures\/#primaryimage","url":"https:\/\/abonnement-iptv4u.b-cdn.net\/wp-content\/uploads\/2020\/08\/buffering-issue-fix.jpg?is-pending-load=1","contentUrl":"https:\/\/abonnement-iptv4u.b-cdn.net\/wp-content\/uploads\/2020\/08\/buffering-issue-fix.jpg?is-pending-load=1"},{"@type":"BreadcrumbList","@id":"https:\/\/maestroiptv.org\/index.php\/les-meilleures-solutions-iptv-pour-resoudre-les-pannes-des-coupures\/#breadcrumb","itemListElement":[{"@type":"ListItem","position":1,"name":"Home","item":"https:\/\/maestroiptv.org\/"},{"@type":"ListItem","position":2,"name":"Les meilleures solutions IPTV pour r\u00e9soudre les pannes des coupures"}]},{"@type":"WebSite","@id":"https:\/\/maestroiptv.org\/#website","url":"https:\/\/maestroiptv.org\/","name":"maestrotv","description":"","publisher":{"@id":"https:\/\/maestroiptv.org\/#organization"},"potentialAction":[{"@type":"SearchAction","target":{"@type":"EntryPoint","urlTemplate":"https:\/\/maestroiptv.org\/?s={search_term_string}"},"query-input":{"@type":"PropertyValueSpecification","valueRequired":true,"valueName":"search_term_string"}}],"inLanguage":"fr-FR"},{"@type":"Organization","@id":"https:\/\/maestroiptv.org\/#organization","name":"maestrotv","url":"https:\/\/maestroiptv.org\/","logo":{"@type":"ImageObject","inLanguage":"fr-FR","@id":"https:\/\/maestroiptv.org\/#\/schema\/logo\/image\/","url":"https:\/\/maestroiptv.org\/wp-content\/uploads\/2023\/07\/Logo.png","contentUrl":"https:\/\/maestroiptv.org\/wp-content\/uploads\/2023\/07\/Logo.png","width":114,"height":114,"caption":"maestrotv"},"image":{"@id":"https:\/\/maestroiptv.org\/#\/schema\/logo\/image\/"}}]}},"_links":{"self":[{"href":"https:\/\/maestroiptv.org\/index.php\/wp-json\/wp\/v2\/pages\/1618","targetHints":{"allow":["GET"]}}],"collection":[{"href":"https:\/\/maestroiptv.org\/index.php\/wp-json\/wp\/v2\/pages"}],"about":[{"href":"https:\/\/maestroiptv.org\/index.php\/wp-json\/wp\/v2\/types\/page"}],"author":[{"embeddable":true,"href":"https:\/\/maestroiptv.org\/index.php\/wp-json\/wp\/v2\/users\/1"}],"replies":[{"embeddable":true,"href":"https:\/\/maestroiptv.org\/index.php\/wp-json\/wp\/v2\/comments?post=1618"}],"version-history":[{"count":1,"href":"https:\/\/maestroiptv.org\/index.php\/wp-json\/wp\/v2\/pages\/1618\/revisions"}],"predecessor-version":[{"id":1619,"href":"https:\/\/maestroiptv.org\/index.php\/wp-json\/wp\/v2\/pages\/1618\/revisions\/1619"}],"wp:attachment":[{"href":"https:\/\/maestroiptv.org\/index.php\/wp-json\/wp\/v2\/media?parent=1618"}],"curies":[{"name":"wp","href":"https:\/\/api.w.org\/{rel}","templated":true}]}}