{"id":1652,"date":"2023-09-02T00:17:48","date_gmt":"2023-09-01T22:17:48","guid":{"rendered":"https:\/\/maestroiptv.org\/?page_id=1652"},"modified":"2023-09-02T00:17:49","modified_gmt":"2023-09-01T22:17:49","slug":"comment-resoudre-les-problemes-de-coupure-de-votre-connexion-wifi-pour-vos-appareil-iptv-box-ou-autre-avec-repeteur-wifi-2023","status":"publish","type":"page","link":"https:\/\/maestroiptv.org\/index.php\/comment-resoudre-les-problemes-de-coupure-de-votre-connexion-wifi-pour-vos-appareil-iptv-box-ou-autre-avec-repeteur-wifi-2023\/","title":{"rendered":"Comment r\u00e9soudre les probl\u00e8mes de coupure de votre connexion Wifi pour vos appareil IPTV, box ou autre avec r\u00e9p\u00e9teur Wifi\u2026 2023"},"content":{"rendered":"\n<figure class=\"wp-block-image\"><img decoding=\"async\" src=\"https:\/\/abonnement-iptv4u.b-cdn.net\/wp-content\/uploads\/2021\/04\/optimiser-connexion-wifi.jpg\" alt=\"\"\/><\/figure>\n\n\n\n<p>Rien n\u2019est plus ennuyeux qu\u2019un\u00a0<a href=\"https:\/\/maestroiptv.org\/index.php\/abonnement-vip-iptv\/\">signal WiFi<\/a>\u00a0ennuyeux lorsque vous en avez le plus besoin. Bien s\u00fbr, les appareils tels que les routeurs Wifi et les routeurs 4G sont tr\u00e8s efficaces pour am\u00e9liorer le r\u00e9seau, mais parfois la connexion est encore m\u00e9diocre, et cela n\u2019est pas forc\u00e9ment li\u00e9 \u00e0 votre abonnement Internet.<\/p>\n\n\n\n<p>Pour rem\u00e9dier \u00e0 ce type de probl\u00e8me, il existe un dispositif plus performant permettant de booster le signal de votre r\u00e9seau Wifi : un&nbsp;<a href=\"https:\/\/www.android-logiciels.fr\/installation-dun-repeteur-wifi-box\/\" rel=\"noreferrer noopener\" target=\"_blank\">r\u00e9p\u00e9teur Wifi<\/a>, \u00e9galement nomm\u00e9 amplificateur Wifi<a href=\"https:\/\/iptvconnexion.com\/\" rel=\"noreferrer noopener\" target=\"_blank\">.<\/a><\/p>\n\n\n\n<p>Il s\u2019agit d\u2019un petit appareil qui permet d\u2019augmenter la puissance du signal. Sur le march\u00e9, il existe de nombreux mod\u00e8les de r\u00e9p\u00e9teur Wifi, il d\u00e9cline sous diff\u00e9rentes formes, coloris, marque, etc, c\u2019est simple placer ce petit engin \u00e0 cot\u00e9 de votre t\u00e9l\u00e9viseur ou de votre box IPTV ainsi connecter le \u00e0 votre routeur via le manuel livr\u00e9 avec et le branch\u00e9 avec un c\u00e2ble sur la box ou le t\u00e9l\u00e9viseur puis vous allez voir la diff\u00e9rance il ne y\u2019aura plus de coupure ni de freezer sur votre t\u00e9l\u00e9 IPTV.<\/p>\n\n\n\n<figure class=\"wp-block-image\"><img decoding=\"async\" src=\"https:\/\/abonnement-iptv4u.b-cdn.net\/wp-content\/uploads\/2021\/04\/original-26560.jpg?is-pending-load=1\" alt=\"\" class=\"wp-image-302684\"\/><\/figure>\n\n\n\n<p>Voila j\u2019esp\u00e8re que j\u2019\u00e9tait bien explicatif n\u2019oubliez pas essayez nos abonnement IPTV, Nous avons des Serveurs SSD Puissants, \u00e0 la prochaine !<\/p>\n","protected":false},"excerpt":{"rendered":"<p>Rien n\u2019est plus ennuyeux qu\u2019un\u00a0signal WiFi\u00a0ennuyeux lorsque vous en avez le plus besoin. Bien s\u00fbr, les appareils tels que les routeurs Wifi et les routeurs 4G sont tr\u00e8s efficaces pour am\u00e9liorer le r\u00e9seau, mais parfois la connexion est encore m\u00e9diocre, et cela n\u2019est pas forc\u00e9ment li\u00e9 \u00e0 votre abonnement Internet. Pour rem\u00e9dier \u00e0 ce type [&hellip;]<\/p>\n","protected":false},"author":1,"featured_media":0,"parent":0,"menu_order":0,"comment_status":"closed","ping_status":"closed","template":"","meta":{"footnotes":""},"class_list":["post-1652","page","type-page","status-publish","hentry"],"blocksy_meta":[],"yoast_head":"<!-- This site is optimized with the Yoast SEO plugin v27.5 - https:\/\/yoast.com\/product\/yoast-seo-wordpress\/ -->\n<title>Comment r\u00e9soudre les probl\u00e8mes de coupure de votre connexion Wifi pour vos appareil IPTV, box ou autre avec r\u00e9p\u00e9teur Wifi\u2026 2023 - maestrotv<\/title>\n<meta name=\"robots\" content=\"index, follow, max-snippet:-1, max-image-preview:large, max-video-preview:-1\" \/>\n<link rel=\"canonical\" href=\"https:\/\/maestroiptv.org\/index.php\/comment-resoudre-les-problemes-de-coupure-de-votre-connexion-wifi-pour-vos-appareil-iptv-box-ou-autre-avec-repeteur-wifi-2023\/\" \/>\n<meta property=\"og:locale\" content=\"fr_FR\" \/>\n<meta property=\"og:type\" content=\"article\" \/>\n<meta property=\"og:title\" content=\"Comment r\u00e9soudre les probl\u00e8mes de coupure de votre connexion Wifi pour vos appareil IPTV, box ou autre avec r\u00e9p\u00e9teur Wifi\u2026 2023 - maestrotv\" \/>\n<meta property=\"og:description\" content=\"Rien n\u2019est plus ennuyeux qu\u2019un\u00a0signal WiFi\u00a0ennuyeux lorsque vous en avez le plus besoin. Bien s\u00fbr, les appareils tels que les routeurs Wifi et les routeurs 4G sont tr\u00e8s efficaces pour am\u00e9liorer le r\u00e9seau, mais parfois la connexion est encore m\u00e9diocre, et cela n\u2019est pas forc\u00e9ment li\u00e9 \u00e0 votre abonnement Internet. Pour rem\u00e9dier \u00e0 ce type [&hellip;]\" \/>\n<meta property=\"og:url\" content=\"https:\/\/maestroiptv.org\/index.php\/comment-resoudre-les-problemes-de-coupure-de-votre-connexion-wifi-pour-vos-appareil-iptv-box-ou-autre-avec-repeteur-wifi-2023\/\" \/>\n<meta property=\"og:site_name\" content=\"maestrotv\" \/>\n<meta property=\"article:modified_time\" content=\"2023-09-01T22:17:49+00:00\" \/>\n<meta property=\"og:image\" content=\"https:\/\/abonnement-iptv4u.b-cdn.net\/wp-content\/uploads\/2021\/04\/optimiser-connexion-wifi.jpg\" \/>\n<meta name=\"twitter:card\" content=\"summary_large_image\" \/>\n<meta name=\"twitter:label1\" content=\"Dur\u00e9e de lecture estim\u00e9e\" \/>\n\t<meta name=\"twitter:data1\" content=\"2 minutes\" \/>\n<script type=\"application\/ld+json\" class=\"yoast-schema-graph\">{\"@context\":\"https:\\\/\\\/schema.org\",\"@graph\":[{\"@type\":\"WebPage\",\"@id\":\"https:\\\/\\\/maestroiptv.org\\\/index.php\\\/comment-resoudre-les-problemes-de-coupure-de-votre-connexion-wifi-pour-vos-appareil-iptv-box-ou-autre-avec-repeteur-wifi-2023\\\/\",\"url\":\"https:\\\/\\\/maestroiptv.org\\\/index.php\\\/comment-resoudre-les-problemes-de-coupure-de-votre-connexion-wifi-pour-vos-appareil-iptv-box-ou-autre-avec-repeteur-wifi-2023\\\/\",\"name\":\"Comment r\u00e9soudre les probl\u00e8mes de coupure de votre connexion Wifi pour vos appareil IPTV, box ou autre avec r\u00e9p\u00e9teur Wifi\u2026 2023 - maestrotv\",\"isPartOf\":{\"@id\":\"https:\\\/\\\/maestroiptv.org\\\/#website\"},\"primaryImageOfPage\":{\"@id\":\"https:\\\/\\\/maestroiptv.org\\\/index.php\\\/comment-resoudre-les-problemes-de-coupure-de-votre-connexion-wifi-pour-vos-appareil-iptv-box-ou-autre-avec-repeteur-wifi-2023\\\/#primaryimage\"},\"image\":{\"@id\":\"https:\\\/\\\/maestroiptv.org\\\/index.php\\\/comment-resoudre-les-problemes-de-coupure-de-votre-connexion-wifi-pour-vos-appareil-iptv-box-ou-autre-avec-repeteur-wifi-2023\\\/#primaryimage\"},\"thumbnailUrl\":\"https:\\\/\\\/abonnement-iptv4u.b-cdn.net\\\/wp-content\\\/uploads\\\/2021\\\/04\\\/optimiser-connexion-wifi.jpg\",\"datePublished\":\"2023-09-01T22:17:48+00:00\",\"dateModified\":\"2023-09-01T22:17:49+00:00\",\"breadcrumb\":{\"@id\":\"https:\\\/\\\/maestroiptv.org\\\/index.php\\\/comment-resoudre-les-problemes-de-coupure-de-votre-connexion-wifi-pour-vos-appareil-iptv-box-ou-autre-avec-repeteur-wifi-2023\\\/#breadcrumb\"},\"inLanguage\":\"fr-FR\",\"potentialAction\":[{\"@type\":\"ReadAction\",\"target\":[\"https:\\\/\\\/maestroiptv.org\\\/index.php\\\/comment-resoudre-les-problemes-de-coupure-de-votre-connexion-wifi-pour-vos-appareil-iptv-box-ou-autre-avec-repeteur-wifi-2023\\\/\"]}]},{\"@type\":\"ImageObject\",\"inLanguage\":\"fr-FR\",\"@id\":\"https:\\\/\\\/maestroiptv.org\\\/index.php\\\/comment-resoudre-les-problemes-de-coupure-de-votre-connexion-wifi-pour-vos-appareil-iptv-box-ou-autre-avec-repeteur-wifi-2023\\\/#primaryimage\",\"url\":\"https:\\\/\\\/abonnement-iptv4u.b-cdn.net\\\/wp-content\\\/uploads\\\/2021\\\/04\\\/optimiser-connexion-wifi.jpg\",\"contentUrl\":\"https:\\\/\\\/abonnement-iptv4u.b-cdn.net\\\/wp-content\\\/uploads\\\/2021\\\/04\\\/optimiser-connexion-wifi.jpg\"},{\"@type\":\"BreadcrumbList\",\"@id\":\"https:\\\/\\\/maestroiptv.org\\\/index.php\\\/comment-resoudre-les-problemes-de-coupure-de-votre-connexion-wifi-pour-vos-appareil-iptv-box-ou-autre-avec-repeteur-wifi-2023\\\/#breadcrumb\",\"itemListElement\":[{\"@type\":\"ListItem\",\"position\":1,\"name\":\"Home\",\"item\":\"https:\\\/\\\/maestroiptv.org\\\/\"},{\"@type\":\"ListItem\",\"position\":2,\"name\":\"Comment r\u00e9soudre les probl\u00e8mes de coupure de votre connexion Wifi pour vos appareil IPTV, box ou autre avec r\u00e9p\u00e9teur Wifi\u2026 2023\"}]},{\"@type\":\"WebSite\",\"@id\":\"https:\\\/\\\/maestroiptv.org\\\/#website\",\"url\":\"https:\\\/\\\/maestroiptv.org\\\/\",\"name\":\"maestrotv\",\"description\":\"\",\"publisher\":{\"@id\":\"https:\\\/\\\/maestroiptv.org\\\/#organization\"},\"potentialAction\":[{\"@type\":\"SearchAction\",\"target\":{\"@type\":\"EntryPoint\",\"urlTemplate\":\"https:\\\/\\\/maestroiptv.org\\\/?s={search_term_string}\"},\"query-input\":{\"@type\":\"PropertyValueSpecification\",\"valueRequired\":true,\"valueName\":\"search_term_string\"}}],\"inLanguage\":\"fr-FR\"},{\"@type\":\"Organization\",\"@id\":\"https:\\\/\\\/maestroiptv.org\\\/#organization\",\"name\":\"maestrotv\",\"url\":\"https:\\\/\\\/maestroiptv.org\\\/\",\"logo\":{\"@type\":\"ImageObject\",\"inLanguage\":\"fr-FR\",\"@id\":\"https:\\\/\\\/maestroiptv.org\\\/#\\\/schema\\\/logo\\\/image\\\/\",\"url\":\"https:\\\/\\\/maestroiptv.org\\\/wp-content\\\/uploads\\\/2023\\\/07\\\/Logo.png\",\"contentUrl\":\"https:\\\/\\\/maestroiptv.org\\\/wp-content\\\/uploads\\\/2023\\\/07\\\/Logo.png\",\"width\":114,\"height\":114,\"caption\":\"maestrotv\"},\"image\":{\"@id\":\"https:\\\/\\\/maestroiptv.org\\\/#\\\/schema\\\/logo\\\/image\\\/\"}}]}<\/script>\n<!-- \/ Yoast SEO plugin. -->","yoast_head_json":{"title":"Comment r\u00e9soudre les probl\u00e8mes de coupure de votre connexion Wifi pour vos appareil IPTV, box ou autre avec r\u00e9p\u00e9teur Wifi\u2026 2023 - maestrotv","robots":{"index":"index","follow":"follow","max-snippet":"max-snippet:-1","max-image-preview":"max-image-preview:large","max-video-preview":"max-video-preview:-1"},"canonical":"https:\/\/maestroiptv.org\/index.php\/comment-resoudre-les-problemes-de-coupure-de-votre-connexion-wifi-pour-vos-appareil-iptv-box-ou-autre-avec-repeteur-wifi-2023\/","og_locale":"fr_FR","og_type":"article","og_title":"Comment r\u00e9soudre les probl\u00e8mes de coupure de votre connexion Wifi pour vos appareil IPTV, box ou autre avec r\u00e9p\u00e9teur Wifi\u2026 2023 - maestrotv","og_description":"Rien n\u2019est plus ennuyeux qu\u2019un\u00a0signal WiFi\u00a0ennuyeux lorsque vous en avez le plus besoin. Bien s\u00fbr, les appareils tels que les routeurs Wifi et les routeurs 4G sont tr\u00e8s efficaces pour am\u00e9liorer le r\u00e9seau, mais parfois la connexion est encore m\u00e9diocre, et cela n\u2019est pas forc\u00e9ment li\u00e9 \u00e0 votre abonnement Internet. Pour rem\u00e9dier \u00e0 ce type [&hellip;]","og_url":"https:\/\/maestroiptv.org\/index.php\/comment-resoudre-les-problemes-de-coupure-de-votre-connexion-wifi-pour-vos-appareil-iptv-box-ou-autre-avec-repeteur-wifi-2023\/","og_site_name":"maestrotv","article_modified_time":"2023-09-01T22:17:49+00:00","og_image":[{"url":"https:\/\/abonnement-iptv4u.b-cdn.net\/wp-content\/uploads\/2021\/04\/optimiser-connexion-wifi.jpg","type":"","width":"","height":""}],"twitter_card":"summary_large_image","twitter_misc":{"Dur\u00e9e de lecture estim\u00e9e":"2 minutes"},"schema":{"@context":"https:\/\/schema.org","@graph":[{"@type":"WebPage","@id":"https:\/\/maestroiptv.org\/index.php\/comment-resoudre-les-problemes-de-coupure-de-votre-connexion-wifi-pour-vos-appareil-iptv-box-ou-autre-avec-repeteur-wifi-2023\/","url":"https:\/\/maestroiptv.org\/index.php\/comment-resoudre-les-problemes-de-coupure-de-votre-connexion-wifi-pour-vos-appareil-iptv-box-ou-autre-avec-repeteur-wifi-2023\/","name":"Comment r\u00e9soudre les probl\u00e8mes de coupure de votre connexion Wifi pour vos appareil IPTV, box ou autre avec r\u00e9p\u00e9teur Wifi\u2026 2023 - maestrotv","isPartOf":{"@id":"https:\/\/maestroiptv.org\/#website"},"primaryImageOfPage":{"@id":"https:\/\/maestroiptv.org\/index.php\/comment-resoudre-les-problemes-de-coupure-de-votre-connexion-wifi-pour-vos-appareil-iptv-box-ou-autre-avec-repeteur-wifi-2023\/#primaryimage"},"image":{"@id":"https:\/\/maestroiptv.org\/index.php\/comment-resoudre-les-problemes-de-coupure-de-votre-connexion-wifi-pour-vos-appareil-iptv-box-ou-autre-avec-repeteur-wifi-2023\/#primaryimage"},"thumbnailUrl":"https:\/\/abonnement-iptv4u.b-cdn.net\/wp-content\/uploads\/2021\/04\/optimiser-connexion-wifi.jpg","datePublished":"2023-09-01T22:17:48+00:00","dateModified":"2023-09-01T22:17:49+00:00","breadcrumb":{"@id":"https:\/\/maestroiptv.org\/index.php\/comment-resoudre-les-problemes-de-coupure-de-votre-connexion-wifi-pour-vos-appareil-iptv-box-ou-autre-avec-repeteur-wifi-2023\/#breadcrumb"},"inLanguage":"fr-FR","potentialAction":[{"@type":"ReadAction","target":["https:\/\/maestroiptv.org\/index.php\/comment-resoudre-les-problemes-de-coupure-de-votre-connexion-wifi-pour-vos-appareil-iptv-box-ou-autre-avec-repeteur-wifi-2023\/"]}]},{"@type":"ImageObject","inLanguage":"fr-FR","@id":"https:\/\/maestroiptv.org\/index.php\/comment-resoudre-les-problemes-de-coupure-de-votre-connexion-wifi-pour-vos-appareil-iptv-box-ou-autre-avec-repeteur-wifi-2023\/#primaryimage","url":"https:\/\/abonnement-iptv4u.b-cdn.net\/wp-content\/uploads\/2021\/04\/optimiser-connexion-wifi.jpg","contentUrl":"https:\/\/abonnement-iptv4u.b-cdn.net\/wp-content\/uploads\/2021\/04\/optimiser-connexion-wifi.jpg"},{"@type":"BreadcrumbList","@id":"https:\/\/maestroiptv.org\/index.php\/comment-resoudre-les-problemes-de-coupure-de-votre-connexion-wifi-pour-vos-appareil-iptv-box-ou-autre-avec-repeteur-wifi-2023\/#breadcrumb","itemListElement":[{"@type":"ListItem","position":1,"name":"Home","item":"https:\/\/maestroiptv.org\/"},{"@type":"ListItem","position":2,"name":"Comment r\u00e9soudre les probl\u00e8mes de coupure de votre connexion Wifi pour vos appareil IPTV, box ou autre avec r\u00e9p\u00e9teur Wifi\u2026 2023"}]},{"@type":"WebSite","@id":"https:\/\/maestroiptv.org\/#website","url":"https:\/\/maestroiptv.org\/","name":"maestrotv","description":"","publisher":{"@id":"https:\/\/maestroiptv.org\/#organization"},"potentialAction":[{"@type":"SearchAction","target":{"@type":"EntryPoint","urlTemplate":"https:\/\/maestroiptv.org\/?s={search_term_string}"},"query-input":{"@type":"PropertyValueSpecification","valueRequired":true,"valueName":"search_term_string"}}],"inLanguage":"fr-FR"},{"@type":"Organization","@id":"https:\/\/maestroiptv.org\/#organization","name":"maestrotv","url":"https:\/\/maestroiptv.org\/","logo":{"@type":"ImageObject","inLanguage":"fr-FR","@id":"https:\/\/maestroiptv.org\/#\/schema\/logo\/image\/","url":"https:\/\/maestroiptv.org\/wp-content\/uploads\/2023\/07\/Logo.png","contentUrl":"https:\/\/maestroiptv.org\/wp-content\/uploads\/2023\/07\/Logo.png","width":114,"height":114,"caption":"maestrotv"},"image":{"@id":"https:\/\/maestroiptv.org\/#\/schema\/logo\/image\/"}}]}},"_links":{"self":[{"href":"https:\/\/maestroiptv.org\/index.php\/wp-json\/wp\/v2\/pages\/1652","targetHints":{"allow":["GET"]}}],"collection":[{"href":"https:\/\/maestroiptv.org\/index.php\/wp-json\/wp\/v2\/pages"}],"about":[{"href":"https:\/\/maestroiptv.org\/index.php\/wp-json\/wp\/v2\/types\/page"}],"author":[{"embeddable":true,"href":"https:\/\/maestroiptv.org\/index.php\/wp-json\/wp\/v2\/users\/1"}],"replies":[{"embeddable":true,"href":"https:\/\/maestroiptv.org\/index.php\/wp-json\/wp\/v2\/comments?post=1652"}],"version-history":[{"count":1,"href":"https:\/\/maestroiptv.org\/index.php\/wp-json\/wp\/v2\/pages\/1652\/revisions"}],"predecessor-version":[{"id":1653,"href":"https:\/\/maestroiptv.org\/index.php\/wp-json\/wp\/v2\/pages\/1652\/revisions\/1653"}],"wp:attachment":[{"href":"https:\/\/maestroiptv.org\/index.php\/wp-json\/wp\/v2\/media?parent=1652"}],"curies":[{"name":"wp","href":"https:\/\/api.w.org\/{rel}","templated":true}]}}